{"id":37,"date":"2021-09-08T09:07:45","date_gmt":"2021-09-08T09:07:45","guid":{"rendered":"http:\/\/truehats.at\/?page_id=37"},"modified":"2023-03-03T09:38:04","modified_gmt":"2023-03-03T09:38:04","slug":"ueber-mich","status":"publish","type":"page","link":"https:\/\/truehats.at\/?page_id=37","title":{"rendered":"\u00dcBER MICH"},"content":{"rendered":"<p>[et_pb_section fb_built=&#8220;1&#8243; _builder_version=&#8220;4.16&#8243; _module_preset=&#8220;default&#8220; background_image=&#8220;http:\/\/truehats.at\/wp-content\/uploads\/2022\/01\/image-1-scaled.jpg&#8220; min_height=&#8220;211px&#8220; global_colors_info=&#8220;{}&#8220;][et_pb_row _builder_version=&#8220;4.16&#8243; _module_preset=&#8220;default&#8220; global_colors_info=&#8220;{}&#8220;][et_pb_column type=&#8220;4_4&#8243; _builder_version=&#8220;4.16&#8243; _module_preset=&#8220;default&#8220; global_colors_info=&#8220;{}&#8220;][et_pb_text _builder_version=&#8220;4.16&#8243; _module_preset=&#8220;default&#8220; header_text_color=&#8220;#FFFFFF&#8220; header_font_size=&#8220;47px&#8220; header_2_text_color=&#8220;#FFFFFF&#8220; custom_margin=&#8220;||-6px||false|false&#8220; global_colors_info=&#8220;{}&#8220;]<\/p>\n<h1>\u00dcber mich<\/h1>\n<p>[\/et_pb_text][\/et_pb_column][\/et_pb_row][\/et_pb_section][et_pb_section fb_built=&#8220;1&#8243; _builder_version=&#8220;4.16&#8243; _module_preset=&#8220;default&#8220; global_colors_info=&#8220;{}&#8220;][et_pb_row column_structure=&#8220;1_2,1_2&#8243; disabled_on=&#8220;on|off|off&#8220; _builder_version=&#8220;4.19.5&#8243; _module_preset=&#8220;default&#8220; global_colors_info=&#8220;{}&#8220;][et_pb_column type=&#8220;1_2&#8243; _builder_version=&#8220;4.16&#8243; _module_preset=&#8220;default&#8220; global_colors_info=&#8220;{}&#8220;][et_pb_image src=&#8220;http:\/\/truehats.at\/wp-content\/uploads\/2021\/09\/katharina-truebswasser-true-hats-millinery.jpg&#8220; title_text=&#8220;katharina-tr\u00fcbswasser-true-hats-millinery&#8220; align=&#8220;center&#8220; _builder_version=&#8220;4.16&#8243; _module_preset=&#8220;default&#8220; max_width=&#8220;78%&#8220; global_colors_info=&#8220;{}&#8220;][\/et_pb_image][et_pb_text _builder_version=&#8220;4.16&#8243; _module_preset=&#8220;default&#8220; global_colors_info=&#8220;{}&#8220;]<\/p>\n<h2 style=\"text-align: center;\">Katharina Tr\u00fcbswasser<\/h2>\n<p>[\/et_pb_text][\/et_pb_column][et_pb_column type=&#8220;1_2&#8243; _builder_version=&#8220;4.16&#8243; _module_preset=&#8220;default&#8220; global_colors_info=&#8220;{}&#8220;][et_pb_text _builder_version=&#8220;4.16&#8243; _module_preset=&#8220;default&#8220; background_color=&#8220;rgba(162,198,212,0.66)&#8220; custom_margin=&#8220;43px||||false|false&#8220; custom_padding=&#8220;12px|12px|12px|12px|true|true&#8220; global_colors_info=&#8220;{}&#8220;]<\/p>\n<div class=\"cc-m-hgrid-column last\">\n<div id=\"cc-matrix-2596153785\">\n<div id=\"cc-m-9946919485\" class=\"j-module n j-text \">\n<p>Seit gut 30 Jahren trage ich\u00a0<strong>H\u00fcte<\/strong>. F\u00fcr mich sind sie ein\u00a0<strong>Statement, die meine\u00a0 Pers\u00f6nlichkeit unterstreichen und meinen Gef\u00fchlen Ausdruck verleihen.<\/strong><\/p>\n<p>2016 begann ich mit einer zweij\u00e4hrigen Ausbildung zur Modistin (Abschluss mit ausgezeichnetem Erfolg), was mir die M\u00f6glichkeit gab, meine Leidenschaft weiter zu verfeinern und zu vertiefen. 2019 konnte ich dann endlich mein eigenes Unternehmen gr\u00fcnden: \u201eTrue Hats Millinery\u201c war geboren, frei nach dem Motto \u201eTu was du liebst und liebe was du tust.\u201c<\/p>\n<p>Jeder Hut wird mit viel Liebe von mir handgefertigt und ist ein qualitativ hochwertiges Unikat.\u00a0<strong>Mein Ziel ist es, den f\u00fcr Sie perfekten Kopfschmuck zu kreieren und Sie damit in besonderer Sch\u00f6nheit erstrahlen zu lassen!<\/strong><\/p>\n<\/div>\n<\/div>\n<\/div>\n<div class=\"cc-m-hgrid-overlay\" data-display=\"cms-only\"><\/div>\n<p>&nbsp;<\/p>\n<p>[\/et_pb_text][\/et_pb_column][\/et_pb_row][et_pb_row disabled_on=&#8220;off|on|on&#8220; _builder_version=&#8220;4.19.5&#8243; _module_preset=&#8220;default&#8220; hover_enabled=&#8220;0&#8243; global_colors_info=&#8220;{}&#8220; sticky_enabled=&#8220;0&#8243;][et_pb_column type=&#8220;4_4&#8243; _builder_version=&#8220;4.16&#8243; _module_preset=&#8220;default&#8220; global_colors_info=&#8220;{}&#8220;][et_pb_image src=&#8220;http:\/\/truehats.at\/wp-content\/uploads\/2021\/09\/katharina-truebswasser-true-hats-millinery.jpg&#8220; title_text=&#8220;katharina-tr\u00fcbswasser-true-hats-millinery&#8220; align=&#8220;center&#8220; _builder_version=&#8220;4.16&#8243; _module_preset=&#8220;default&#8220; max_width=&#8220;78%&#8220; global_colors_info=&#8220;{}&#8220;][\/et_pb_image][et_pb_text _builder_version=&#8220;4.16&#8243; _module_preset=&#8220;default&#8220; global_colors_info=&#8220;{}&#8220;]<\/p>\n<h2 style=\"text-align: center;\">Katharina Tr\u00fcbswasser<\/h2>\n<p>[\/et_pb_text][et_pb_text _builder_version=&#8220;4.16&#8243; _module_preset=&#8220;default&#8220; background_color=&#8220;rgba(162,198,212,0.66)&#8220; custom_margin=&#8220;43px||||false|false&#8220; custom_padding=&#8220;12px|12px|12px|12px|true|true&#8220; global_colors_info=&#8220;{}&#8220;]<\/p>\n<div class=\"cc-m-hgrid-column last\">\n<div id=\"cc-matrix-2596153785\">\n<div id=\"cc-m-9946919485\" class=\"j-module n j-text \">\n<p>Seit gut 30 Jahren trage ich\u00a0<strong>H\u00fcte<\/strong>. F\u00fcr mich sind sie ein\u00a0<strong>Statement, die meine\u00a0 Pers\u00f6nlichkeit unterstreichen und meinen Gef\u00fchlen Ausdruck verleihen.<\/strong><\/p>\n<p>2016 begann ich mit einer zweij\u00e4hrigen Ausbildung zur Modistin (Abschluss mit ausgezeichnetem Erfolg), was mir die M\u00f6glichkeit gab, meine Leidenschaft weiter zu verfeinern und zu vertiefen. 2019 konnte ich dann endlich mein eigenes Unternehmen gr\u00fcnden: \u201eTrue Hats Millinery\u201c war geboren, frei nach dem Motto \u201eTu was du liebst und liebe was du tust.\u201c<\/p>\n<p>Jeder Hut wird mit viel Liebe von mir handgefertigt und ist ein qualitativ hochwertiges Unikat.\u00a0<strong>Mein Ziel ist es, den f\u00fcr Sie perfekten Kopfschmuck zu kreieren und Sie damit in besonderer Sch\u00f6nheit erstrahlen zu lassen!<\/strong><\/p>\n<\/div>\n<\/div>\n<\/div>\n<div class=\"cc-m-hgrid-overlay\" data-display=\"cms-only\"><\/div>\n<p>&nbsp;<\/p>\n<p>[\/et_pb_text][\/et_pb_column][\/et_pb_row][\/et_pb_section][et_pb_section fb_built=&#8220;1&#8243; _builder_version=&#8220;4.16&#8243; _module_preset=&#8220;default&#8220; use_background_color_gradient=&#8220;on&#8220; background_color_gradient_stops=&#8220;rgba(61,61,61,0.76) 0%|rgba(61,61,61,0.76) 100%&#8220; background_color_gradient_start=&#8220;rgba(61,61,61,0.76)&#8220; background_color_gradient_end=&#8220;rgba(61,61,61,0.76)&#8220; background_image=&#8220;http:\/\/truehats.at\/wp-content\/uploads\/2022\/01\/image-7.jpg&#8220; parallax=&#8220;on&#8220; global_colors_info=&#8220;{}&#8220;][et_pb_row _builder_version=&#8220;4.16&#8243; _module_preset=&#8220;default&#8220; global_colors_info=&#8220;{}&#8220;][et_pb_column type=&#8220;4_4&#8243; _builder_version=&#8220;4.16&#8243; _module_preset=&#8220;default&#8220; global_colors_info=&#8220;{}&#8220;][et_pb_text _builder_version=&#8220;4.16&#8243; _module_preset=&#8220;default&#8220; text_text_color=&#8220;#FFFFFF&#8220; header_2_text_color=&#8220;#FFFFFF&#8220; header_2_font_size=&#8220;40px&#8220; background_color=&#8220;rgba(43,43,43,0.46)&#8220; custom_margin=&#8220;|93px||93px|false|true&#8220; custom_padding=&#8220;17px||17px||true|false&#8220; global_colors_info=&#8220;{}&#8220;]<\/p>\n<h2 style=\"text-align: center;\">&#8222;Ich liebe H\u00fcte!&#8220;<\/h2>\n<p style=\"text-align: center;\">-Katharina Tr\u00fcbswasser<\/p>\n<p>[\/et_pb_text][\/et_pb_column][\/et_pb_row][\/et_pb_section][et_pb_section fb_built=&#8220;1&#8243; _builder_version=&#8220;4.16&#8243; _module_preset=&#8220;default&#8220; global_colors_info=&#8220;{}&#8220;][et_pb_row _builder_version=&#8220;4.16&#8243; _module_preset=&#8220;default&#8220; global_colors_info=&#8220;{}&#8220;][et_pb_column type=&#8220;4_4&#8243; _builder_version=&#8220;4.16&#8243; _module_preset=&#8220;default&#8220; global_colors_info=&#8220;{}&#8220;][et_pb_text _builder_version=&#8220;4.19.5&#8243; _module_preset=&#8220;default&#8220; max_width=&#8220;80%&#8220; max_width_tablet=&#8220;80%&#8220; max_width_phone=&#8220;100%&#8220; max_width_last_edited=&#8220;on|phone&#8220; module_alignment=&#8220;center&#8220; global_colors_info=&#8220;{}&#8220;]<\/p>\n<div id=\"cc-m-9946839785\" class=\"j-module n j-text \">\n<div id=\"cc-m-14596878730\" class=\"j-module n j-text\">\n<h3 id=\"cc-m-header-14596877830\" class=\"headline cc-m-header-inline-rte\" data-action=\"header\" data-name=\"header\"><span>Das <strong>Magazin<\/strong> der S\u00fcdost- und Oststeiermark <a href=\"https:\/\/www.gaudium-magazin.at\/\" target=\"_blank\" title=\"https:\/\/www.gaudium-magazin.at\/\" rel=\"noopener\"><strong>&#8222;gaudium&#8220;<\/strong><\/a> schrieb freundlicherweise einen kleinen Artikel &#8222;\u00dcber mich&#8220;:<\/span><\/h3>\n<\/div>\n<div id=\"cc-m-14596880530\" class=\"j-module n j-text\">\n<p><span>Katharina Tr\u00fcbswasser aus Wolfsberg im Schwarzautal hat viele Interessen\u00a0und eine spezielle k\u00fcnstlerische Ader.<\/span><\/p>\n<p><span>Aber ihre gro\u00dfe Leidenschaft gilt H\u00fcten.\u00a0Das gipfelte <strong>2017<\/strong> in der <strong>Gr\u00fcndung ihrer\u00a0<\/strong><\/span><span><strong>Firma \u201eTrue Hats\u201c, in der ausschlie\u00dflich in Handarbeit wundervolle,\u00a0 extravagante und einzigartige H\u00fcte<\/strong> hergestellt werden.<\/span><\/p>\n<\/div>\n<\/div>\n<div id=\"cc-m-9946840685\" class=\"j-module n j-spacing \">\n<div class=\"cc-m-spacer\"><\/div>\n<\/div>\n<div id=\"cc-m-9946919785\" class=\"j-module n j-hgrid \">\n<div class=\"cc-m-hgrid-column\">\n<div id=\"cc-matrix-2596154285\">\n<div id=\"cc-m-9946919985\" class=\"j-module n j-text \">\n<p style=\"text-align: justify;\">Die in Wien geborene und lange Zeit in Tulln lebende gelernte Physiotherapeutin\u00a0hat es &#8211; wie k\u00f6nnte es anders sein &#8211; der Liebe wegen ins steirische\u00a0Schwarzautal verschlagen, wo sie zusammen mit ihrem Mann den gro\u00dfen\u00a0Garten des neuen Zuhauses wieder in Schuss bringt und so nebenbei h\u00f6chst\u00a0kreative H\u00fcte quasi \u201eaus dem Hut zaubert\u201c.<\/p>\n<p style=\"text-align: justify;\">Bei ihrer Arbeit ist sie Perfektionistin, deshalb nimmt sie sich f\u00fcr jedes St\u00fcck auch entsprechend Zeit. So entstehen, entweder auf Kundenwunsch oder aus Lust und Laune, Hutkreationen, die man nicht f\u00fcr m\u00f6glich gehalten h\u00e4tte.<\/p>\n<p style=\"text-align: justify;\">Jeder Hut wird mit viel Liebe handgefertigt und ist ein qualitativ hochwertiges Unikat. Ziel ist es, den perfekten Kopfschmuck zu kreieren und die Kundschaft damit in besonderer Sch\u00f6nheit erstrahlen zu lassen.<\/p>\n<\/div>\n<\/div>\n<\/div>\n<div class=\"cc-m-hgrid-column last\">\n<div id=\"cc-matrix-2596154385\">\n<div id=\"cc-m-9946920085\" class=\"j-module n j-text \">\n<p style=\"text-align: justify;\">\u201eIch bin keine Basteltante, sondern habe die Grundlagen des Hutmachens bei Hut-Expertin Christine Rohr in Graz und in Wifi-Kursen \u00fcber zwei Jahre hinweg\u00a0gelernt. Seit gut 30 Jahren trage ich H\u00fcte. F\u00fcr mich sind sie ein Statement,\u00a0die meine Pers\u00f6nlichkeit unterstreichen und meinen Gef\u00fchlen Ausdruck verleihen. In H\u00fcte kann ich all mein K\u00f6nnen reinpacken und da ich ein sehr kreativer Mensch bin (gebt mir irgendein Material und ich mach\u2018 was draus!), lag es auf der Hand, aus dieser k\u00fcnstlerischen Energie etwas zu machen. Daher begann ich 2016 mit einer zweij\u00e4hrigen Ausbildung zur Model-Modistin (Abschluss mit ausgezeichnetem Erfolg), was mir die M\u00f6glichkeit gab, meine Leidenschaft weiter zu verfeinern und zu vertiefen. 2019 konnte ich dann endlich mein eigenes Unternehmen gr\u00fcnden: \u201eTrue Hats Millinery\u201c war geboren, frei nach dem Motto \u201eTu, was du liebst und liebe, was du tust\u201c, schw\u00e4rmt Katharina von ihrer \u201eneuen\u201c T\u00e4tigkeit.<\/p>\n<\/div>\n<\/div>\n<\/div>\n<\/div>\n<p>[\/et_pb_text][\/et_pb_column][\/et_pb_row][\/et_pb_section]<\/p>\n","protected":false},"excerpt":{"rendered":"<p>\u00dcber michKatharina Tr\u00fcbswasser Seit gut 30 Jahren trage ich\u00a0H\u00fcte. F\u00fcr mich sind sie ein\u00a0Statement, die meine\u00a0 Pers\u00f6nlichkeit unterstreichen und meinen Gef\u00fchlen Ausdruck verleihen. 2016 begann ich mit einer zweij\u00e4hrigen Ausbildung zur Modistin (Abschluss mit ausgezeichnetem Erfolg), was mir die M\u00f6glichkeit gab, meine Leidenschaft weiter zu verfeinern und zu vertiefen. 2019 konnte ich dann endlich mein [&hellip;]<\/p>\n","protected":false},"author":1,"featured_media":0,"parent":0,"menu_order":0,"comment_status":"closed","ping_status":"closed","template":"","meta":{"_et_pb_use_builder":"on","_et_pb_old_content":"","_et_gb_content_width":"","footnotes":""},"class_list":["post-37","page","type-page","status-publish","hentry"],"yoast_head":"<!-- This site is optimized with the Yoast SEO plugin v23.0 - https:\/\/yoast.com\/wordpress\/plugins\/seo\/ -->\n<title>\u00dcBER MICH - True Hats Millinery<\/title>\n<meta name=\"robots\" content=\"index, follow, max-snippet:-1, max-image-preview:large, max-video-preview:-1\" \/>\n<link rel=\"canonical\" href=\"https:\/\/truehats.at\/?page_id=37\" \/>\n<meta property=\"og:locale\" content=\"de_DE\" \/>\n<meta property=\"og:type\" content=\"article\" \/>\n<meta property=\"og:title\" content=\"\u00dcBER MICH - True Hats Millinery\" \/>\n<meta property=\"og:description\" content=\"\u00dcber michKatharina Tr\u00fcbswasser Seit gut 30 Jahren trage ich\u00a0H\u00fcte. F\u00fcr mich sind sie ein\u00a0Statement, die meine\u00a0 Pers\u00f6nlichkeit unterstreichen und meinen Gef\u00fchlen Ausdruck verleihen. 2016 begann ich mit einer zweij\u00e4hrigen Ausbildung zur Modistin (Abschluss mit ausgezeichnetem Erfolg), was mir die M\u00f6glichkeit gab, meine Leidenschaft weiter zu verfeinern und zu vertiefen. 2019 konnte ich dann endlich mein [&hellip;]\" \/>\n<meta property=\"og:url\" content=\"https:\/\/truehats.at\/?page_id=37\" \/>\n<meta property=\"og:site_name\" content=\"True Hats Millinery\" \/>\n<meta property=\"article:modified_time\" content=\"2023-03-03T09:38:04+00:00\" \/>\n<meta name=\"twitter:card\" content=\"summary_large_image\" \/>\n<meta name=\"twitter:label1\" content=\"Gesch\u00e4tzte Lesezeit\" \/>\n\t<meta name=\"twitter:data1\" content=\"6\u00a0Minuten\" \/>\n<script type=\"application\/ld+json\" class=\"yoast-schema-graph\">{\"@context\":\"https:\/\/schema.org\",\"@graph\":[{\"@type\":\"WebPage\",\"@id\":\"https:\/\/truehats.at\/?page_id=37\",\"url\":\"https:\/\/truehats.at\/?page_id=37\",\"name\":\"\u00dcBER MICH - True Hats Millinery\",\"isPartOf\":{\"@id\":\"https:\/\/truehats.at\/#website\"},\"datePublished\":\"2021-09-08T09:07:45+00:00\",\"dateModified\":\"2023-03-03T09:38:04+00:00\",\"breadcrumb\":{\"@id\":\"https:\/\/truehats.at\/?page_id=37#breadcrumb\"},\"inLanguage\":\"de\",\"potentialAction\":[{\"@type\":\"ReadAction\",\"target\":[\"https:\/\/truehats.at\/?page_id=37\"]}]},{\"@type\":\"BreadcrumbList\",\"@id\":\"https:\/\/truehats.at\/?page_id=37#breadcrumb\",\"itemListElement\":[{\"@type\":\"ListItem\",\"position\":1,\"name\":\"Home\",\"item\":\"https:\/\/truehats.at\/\"},{\"@type\":\"ListItem\",\"position\":2,\"name\":\"\u00dcBER MICH\"}]},{\"@type\":\"WebSite\",\"@id\":\"https:\/\/truehats.at\/#website\",\"url\":\"https:\/\/truehats.at\/\",\"name\":\"True Hats Millinery\",\"description\":\"Huthandwerk\",\"potentialAction\":[{\"@type\":\"SearchAction\",\"target\":{\"@type\":\"EntryPoint\",\"urlTemplate\":\"https:\/\/truehats.at\/?s={search_term_string}\"},\"query-input\":\"required name=search_term_string\"}],\"inLanguage\":\"de\"}]}<\/script>\n<!-- \/ Yoast SEO plugin. -->","yoast_head_json":{"title":"\u00dcBER MICH - True Hats Millinery","robots":{"index":"index","follow":"follow","max-snippet":"max-snippet:-1","max-image-preview":"max-image-preview:large","max-video-preview":"max-video-preview:-1"},"canonical":"https:\/\/truehats.at\/?page_id=37","og_locale":"de_DE","og_type":"article","og_title":"\u00dcBER MICH - True Hats Millinery","og_description":"\u00dcber michKatharina Tr\u00fcbswasser Seit gut 30 Jahren trage ich\u00a0H\u00fcte. F\u00fcr mich sind sie ein\u00a0Statement, die meine\u00a0 Pers\u00f6nlichkeit unterstreichen und meinen Gef\u00fchlen Ausdruck verleihen. 2016 begann ich mit einer zweij\u00e4hrigen Ausbildung zur Modistin (Abschluss mit ausgezeichnetem Erfolg), was mir die M\u00f6glichkeit gab, meine Leidenschaft weiter zu verfeinern und zu vertiefen. 2019 konnte ich dann endlich mein [&hellip;]","og_url":"https:\/\/truehats.at\/?page_id=37","og_site_name":"True Hats Millinery","article_modified_time":"2023-03-03T09:38:04+00:00","twitter_card":"summary_large_image","twitter_misc":{"Gesch\u00e4tzte Lesezeit":"6\u00a0Minuten"},"schema":{"@context":"https:\/\/schema.org","@graph":[{"@type":"WebPage","@id":"https:\/\/truehats.at\/?page_id=37","url":"https:\/\/truehats.at\/?page_id=37","name":"\u00dcBER MICH - True Hats Millinery","isPartOf":{"@id":"https:\/\/truehats.at\/#website"},"datePublished":"2021-09-08T09:07:45+00:00","dateModified":"2023-03-03T09:38:04+00:00","breadcrumb":{"@id":"https:\/\/truehats.at\/?page_id=37#breadcrumb"},"inLanguage":"de","potentialAction":[{"@type":"ReadAction","target":["https:\/\/truehats.at\/?page_id=37"]}]},{"@type":"BreadcrumbList","@id":"https:\/\/truehats.at\/?page_id=37#breadcrumb","itemListElement":[{"@type":"ListItem","position":1,"name":"Home","item":"https:\/\/truehats.at\/"},{"@type":"ListItem","position":2,"name":"\u00dcBER MICH"}]},{"@type":"WebSite","@id":"https:\/\/truehats.at\/#website","url":"https:\/\/truehats.at\/","name":"True Hats Millinery","description":"Huthandwerk","potentialAction":[{"@type":"SearchAction","target":{"@type":"EntryPoint","urlTemplate":"https:\/\/truehats.at\/?s={search_term_string}"},"query-input":"required name=search_term_string"}],"inLanguage":"de"}]}},"_links":{"self":[{"href":"https:\/\/truehats.at\/index.php?rest_route=\/wp\/v2\/pages\/37","targetHints":{"allow":["GET"]}}],"collection":[{"href":"https:\/\/truehats.at\/index.php?rest_route=\/wp\/v2\/pages"}],"about":[{"href":"https:\/\/truehats.at\/index.php?rest_route=\/wp\/v2\/types\/page"}],"author":[{"embeddable":true,"href":"https:\/\/truehats.at\/index.php?rest_route=\/wp\/v2\/users\/1"}],"replies":[{"embeddable":true,"href":"https:\/\/truehats.at\/index.php?rest_route=%2Fwp%2Fv2%2Fcomments&post=37"}],"version-history":[{"count":10,"href":"https:\/\/truehats.at\/index.php?rest_route=\/wp\/v2\/pages\/37\/revisions"}],"predecessor-version":[{"id":612,"href":"https:\/\/truehats.at\/index.php?rest_route=\/wp\/v2\/pages\/37\/revisions\/612"}],"wp:attachment":[{"href":"https:\/\/truehats.at\/index.php?rest_route=%2Fwp%2Fv2%2Fmedia&parent=37"}],"curies":[{"name":"wp","href":"https:\/\/api.w.org\/{rel}","templated":true}]}}